Calculate -2 + 16 - (-5 + (-10 - (-18 + -1))).
10
Calculate (-6 - 4) + -39 + 23.
-26
5 - (-4 + (2 - -1 - -9))
-3
Evaluate 6 - (0 - (2 - ((7 - 2) + -8))).
11
What is the value of -7 + (0 - (1 + 3 + 0 + 2))?
-13
What is the value of -4 - (-2 + (0 - ((-2 - 3) + -1)))?
-8
What is the value of (1 - 1) + 71 + -76?
-5
What is the value of (128 - 101) + (-4 - 3)?
20
Evaluate -119 - -117 - (-1 - 1).
0
What is the value of 13 + (17 - 11) + -9 + (9 - -1)?
20
What is the value of 2 - ((7 - 15) + (-5 - -18))?
-3
What is the value of -4 - (22 + (-33 - -19))?
-12
What is the value of 12 + 0 - (26 + 8 - 43)?
21
-22 + 12 + 2 + 0 + -3
-11
Evaluate (3 + 8 - (-225 + 278)) + -1 + 7.
-36
-17 - -4 - (-30 + 18)
-1
What is the value of 2369 - 2367 - (-1 + 1 - -10)?
-8
Calculate 15 + -13 + 7 + 4 - (-2 + 9).
6
What is the value of (5 - -21) + 0 + -8?
18
9 - (-1 + -4 + 0 + (-13 - -10))
17
Calculate -16 + 41 + -41 - -49.
33
39 + (4 + -10 - 14)
19
What is the value of (2 + -3 + (-4 - -5) - -25) + 3?
28
What is (-21 - (11 - 19 - 5)) + -2?
-10
What is the value of -9 + (9 - -4) - 10 - 8?
-14
Calculate (-1 - (0 - -6)) + (8 + -46 - -46).
1
What is (-25 - (-7 + -5)) + (0 - (2 - 7))?
-8
What is -11 + (14 - (-8 - -1))?
10
Evaluate -1 + 1 - -5 - (-1 - 1).
7
What is (2 - -1 - (-4 - 5)) + -3 + 2?
11
What is -24 + (1 + 3 - (-235 - -230))?
-15
-8 + -2 + (12 + 11 - 8)
5
What is the value of (-7 - 31) + 12 - -13?
-13
What is -8 + 11 + (-13 + 3 - -3)?
-4
Calculate 4 + -2 - 4 - (2 + (4 - 3)).
-5
Evaluate (-7 + 9 - 12) + 9 + 1 + 9.
9
What is the value of 6 + -18 + 17 - -16?
21
Calculate -22 + 17 + -20 - -24.
-1
Calculate -4 - 12 - 8 - (3 - 0 - 15).
-12
Evaluate 9 - -3 - (7 - 1) - 10 - 0.
-4
Calculate -3 + 0 - (1 - 5) - (-33 - -16).
18
27 + -21 + (13 - 6) + -5
8
What is the value of (-8 + -1 + 2 - (-34 - -27)) + -22?
-22
What is 33 + (-102 - -14) - (1 + -20)?
-36
What is the value of -2 + -12 + -2 + 5 - 5?
-16
(18 - 22) + (1 - 5) + (0 - 0)
-8
Calculate (-7 - -10) + -21 + 12.
-6
What is -44 - (-101 - (-39 - -8))?
26
What is -9 + (3 - 27 - -11) + 7?
-15
What is -5 - 0 - (-29 - (13 - (17 - -2)))?
18
-4 + 6 + (6 - (3 - 8)) + -7
6
What is -7 + -2 + 16 + 12 + -14 + -4?
1
Evaluate -17 + 16 + 8 + -12 + (1 - 36).
-40
Evaluate 2 + -5 - (21 + -7 - 5).
-12
What is 48 + (5 + -3 - 11) - 9?
30
Calculate (-17 + 0 - -1) + 2 - (2801 - 2795).
-20
What is the value of -3 + (39 - 13) - (-6 - -1)?
28
Evaluate 1 + 36 + (21 - (-18 + 51)).
25
-3 + 7 + (-3 - 9 - -8) - -10
10
6 - ((9 - 17) + (-1 - -2 - 0))
13
(1 - 0 - -27) + -755 + 743
16
Evaluate 10 + (6 - (15 + -5)) + -8.
-2
27 + -20 + -3 + (1 - 1)
4
Calculate 6 + -2 + -4 - (-6 + (13 - -1)).
-8
Evaluate 8 + -16 + 17 + (-1 - 3).
5
Evaluate -4 - (4 + (-6 - (-5 - 1)) - 7).
-1
7 - (-3 + (-6 - -5) - -4)
7
What is the value of 13 - (-1 + 7) - 11 - 7?
-11
Calculate -8 + 2 - (6 + (-10 - -2)) - -12.
8
What is the value of 10 - -8 - (-1 + 3 + -3 + 4)?
15
5 + -14 + 5 - -2 - (7 + -5)
-4
What is the value of -13 + (1 - 0) - (30 + -38)?
-4
What is the value of 34 - 63 - -84 - 34?
21
Calculate 23 - (-2 + -8 + (12 - -2)).
19
230 - 229 - (-2 - -3 - 14)
14
What is 3 + (2 - 5) - ((1 - 3) + 17)?
-15
3 + (28 - (32 - 0))
-1
Evaluate 0 + 9 - (8 - (-21 + 19)).
-1
What is -43 + 67 + 0 + -9 - -8?
23
What is -43 + 34 + (1 - 1 - -7)?
-2
Calculate 7 - (-17 + (11 - 6)).
19
Calculate 16 + -2 + -5 + -16.
-7
Evaluate -2 + -5 + (42 - 22 - 15).
-2
-4 + (-20 - -24 - -26)
26
Evaluate -5 + 18 + -14 - -9.
8
Evaluate 12 + (-17 - -13) + 2.
10
What is the value of 5 + -8 + -1 + 1 - 7?
-10
What is -8 + 17 + 15 + -29?
-5
What is -3 + 20 + -20 + (3 - -1) + -27?
-26
2 + 7 + -3 + (-7 - -3) - 4
-2
-11 + (-1 - 1 - (-10 - -6)) - -7
-2
(10 - 6) + -16 + 22
10
What is the value of 1 - (2 - 5 - (2 + -8 + 7))?
5
What is (13 - 19 - -6 - 10) + 13?
3
What is -2 + (15 + -2 - 8) + 3?
6
Calculate -3 + -18 - (-26 - (-13 + 5) - -8).
-11
Evaluate 82 - 87 - ((2 - -2 - 2) + -16).
9
What is 15 + 10 + -28 - -3?
0
Evaluate (-9 - (5 + (4 - 3))) + 2 - 2.
-15
Calculate 4 - (-15 - -38) - -8.
-11
-18 + (-7 - -5 - -7) + -1
-14
(-5 - (7 + 5)) + 20
3
Evaluate -89 - -70 - (-9 - 1).
-9
Evaluate 71 + -69 - (5 - (1 + -3)).
-5
Evaluate 1 + 9 + -15 + 13 + -19.
-11
What is the value of (-37 - -53 - (-1 + 22)) + (-13 - 2)?
-20
Evaluate 0 - -22 - 5 - 29.
-12
What is -30 - (-18 - (38 + -24))?
2
What is (-17 - -10) + (11 - 2 - (9 - 13))?
6
Evaluate -25 + -2 + 20 - -14.
7
What is the value of -2 + -33 - -5 - -10?
-20
What is the value of -2 - (39 + -47 + (0 - 6))?
12
Calculate 15 - (6 + (-3 - (-1 + 2) - 9)).
22
9 - ((-7 - -9) + -5 - -6) - 26
-20
Evaluate (2 - (-7 + 4) - 17) + 47 + -54.
-19
What is (-24 - -60 - 2) + -8?
26
Calculate (-5 - -22) + -19 - (-1 - 4).
3
-6 - (16 - 39 - -11)
6
Evaluate 8 + 1 + -10 + -9 + -19 + 22.
-7
Evaluate -9 - -30 - -1 - 11.
11
What is 11 + (6 - -1) + (15 - (22 + -1))?
12
What is (-2 - -13) + -13 - 7?
-9
What is (-14 - -18) + 6 + -1?
9
(5 - (0 - 8)) + (-3 - (1 - -1))
8
Evaluate 3 - -12 - (122 + -103).
-4
What is -16 + 34 + (-18 - -37)?
37
Evaluate -6 - 5 - (1 + -22).
10
What is the value of -461 + 454 + 1 + 10 - (23 - -1)?
-20
13 - (35 + -14) - (-3 + 0)
-5
Evaluate 0 + (-2 - -1) + (25 - (67 + -24)).
-19
9 + (-24 - (-15 - -7))
-7
(-1 - 2) + (-3 - -16) + (46 - 70)
-14
What is the value of -2 + 9 - (-145 - -133)?
19
Evaluate (-3 - -8) + -16 + (53 - 14) + -6.
22
Calculate 13 + (2 - 6) - (178 - 140).
-29
-29 + (38 - 5) + 2
6
(10 - 3) + (-24 - (-15 - -1))
-3
What is the value of 15 + 1 + 3 - (33 + -35)?
21
What is 8 + -13 + 2 + (4 - 2 - -2)?
1
15 + (8 + 2 - 5) + -29 + 29
20
What is the value of 4 - 4 - -5 - (4 + -6 + 23)?
-16
Evaluate 9 + -2 - (-4 + 3 + (-7 - -11)).
4
What is (-1 - 7) + (2 - (4 - -4) - -2)?
-12
Evaluate 19 - (-19 + 15 + 18).
5
Calculate (31 - 22) + -8 + -15 + 1.
-13
Calculate 30 + (-37 - -50 - 78).
-35
What is the value of 2 + 0 + -8 + (81 - 71) - 3?
1
Evaluate 3 + -2 + (39 - 34) - 16.
-10
Calculate (8 - (3 + -7 + 14)) + -17.
-19
What is 30 + -21 + 17 + 4?
30
What is (8 - (2 + -2)) + 0 - 1 - -22?
29
What is 1 + (78 + -33 - 16)?
30
Evaluate 2 + (5 - 13) + 19 + -3 + -4.
6
What is -9 - ((12 - 15 - (-4 - 3)) + -29)?
16
Calculate -8 + 19 + -6 + -3 + -7.
-5
What is -3 + (4 - 2) + (-7 - -5)?
-3
What is 16 - ((-6 - -3) + (2 - 1))?
18
Evaluate 1 + 3 - (0 + 9 - 11) - -12.
18
Evaluate (0 - (-7 - -10)) + 3 + 2 + -4.
-2
-3 + -1 + (12 - 4) + 1 - -1
6
What is -28 - (-29 + -9 - 22)?
32
What is 4 + -1 + (9 - (38 + -22)) + 14?
10
What is the value of -4 - (35 + -40 + (0 - 2))?
3
What is the value of 15 + (210 + -214 - (2 + -1))?
10
Calculate 23 + -3 + (-9 - -10 - -13).
34
What is -5 - (-19 + 30 + 0)?
-16
What is the value of (0 + 1 + -5 - 2) + 5 - 23?
-24
Evaluate -1100 + 1104 + 13 + (0 - 0).
17
What is 0 + 4 + (1 - (-2 + (15 - 16)))?
8
What is the value of -29 - -22 - (1 - (2 - -2))?
-4
What is 90 + 8 + -83 + -16 + -1?
-2
Calculate -7 + (-29 - -14) + (2 - 1).
-21
Calculate -12 + (7 + 10 + 11 - 13).
3
What is the value of 4 + -1 - (1 + 14 - (-13 - -27))?
2
Evaluate (1 - 2) + (398 - 397).
0
Evaluate -35 + (81 - 25) + -36.
-15
What is the value of -50 - (-10 - -11 - 21)?
-30
Evaluate -24 + (1 - (-4 - (-5 - -9))).
-15
Evaluate -6 + (16 - -17) + -25.
2
Evaluate -3 + 0 - (-37 + 27 + (26 - -3)).
-22
-3 - (0 - 4 - -17)
-16
What is the value of (-35 - -43) + 0 + -5?
3
Calculate -10 + -3 + 8 - ((-6 - 2) + -1).
4
What is (0 - (0 - 5) - 3) + -6?
-4
What is the value of (15 - 1) + (8 - 4) - 5?
13
-28 + -21 + (53 - 24)
-20
Evaluate 955 + -953 - (1 - -19).
-18
What is the value of (-17 - 1) + 18 + -11?
-11
What is 3 - (-33 - (-29 - 1))?
6
What is the value of (20 - 9) + 6 + -10?
7
What is the value of -2 - (13 + -4 + -11 + 7 + -1)?
-6
8 + -2 + 1 + (11 + -20 - -15)
13
Calculate 7 - 22 - 12 - -41.
14
What is the value of 46 + (-41 - (-9 - -46))?
-32
Evaluate 12 + 0 + -6 + 6.
12
What is the value of -2 + (3 - -9) + -7 + (-7 - 0)?
-4
7 - (2 + 2 - (-2 - -6))
7
Calculate (347 - 354) + 0 + 0 + -2 + -11.
-20
Evaluate 20 - (31 - -18 - 4).
-25
What is the value of 27 - (3 - 9 - -35)?
-2
What is the value of -8 - -6 - (-7 - -12 - 9)?
2
What is 11 + (17 - 16 - (22 + -30))?
20
Evaluate -19 - ((15 - 2) + -21).
-11
Calculate -14 + (-43 - -75) + -28 + -2.
-12
Calculate -3 + (-5 - 1 - (-30 - -31)).
-10
What is the value of 4 + 1 + (-12 + 17 - (4 - -1))?
5
